l(t) = -10*t - 14. What are the prime factors of l(h)?
2, 7
Suppose 15*n - 2*l + 99769 = 20*n, -2*l = 6. What are the prime factors of n?
5, 13, 307
Suppose -117*l + 116*l - 1146 = 2*n, 0 = 2*l + 2*n + 2298. Let p = l + 1748. List the prime factors of p.
2, 149
Let t be (0 + 1)/(27/81)*1. Let q = 11 + -6. Suppose 2*r - t*r - 3*k = 11, q*r - 5 = -3*k. List the prime factors of r.
2
Let h be 1 + (-5)/(-4 + 3). Let m(o) = o**3 + 4*o**2 + 9*o. What are the prime factors of m(h)?
2, 3, 23
Suppose 2*l - q = 3*q + 12, -5*l = 2*q - 6. Suppose -4*u - 4*z = -924, u - 204 - 15 = l*z. Suppose u = 5*j - 163. List the prime factors of j.
2, 3, 13
Let i(c) = c - 1. Let n be i(4). Suppose -n*r + 15 = 0, -w + 33 = -3*w - 3*r. List the prime factors of (w/(-20))/(3/20).
2
Let i(u) = -2*u - 4. Let c be i(-2). Suppose -s + x - 129 = c, -5*s = -x - 3*x + 641. Let a = s - -247. List the prime factors of a.
2, 61
Let v = -4182 - -5880. Suppose 9*f + 501 = v. List the prime factors of f.
7, 19
Suppose -46*k = 71*k - 1556685. What are the prime factors of k?
3, 5, 887
Let l be 1/(5/(-20)) + -983. Let s = l - -1444. What are the prime factors of s?
457
Let j(t) = 11*t + 3. Let o be (-4 + 7)*7/3. Suppose s - o*s = -72. List the prime factors of j(s).
3, 5
Let m be -28 + 32 + 2*1. Suppose m*f - 1102 + 232 = 0. What are the prime factors of f?
5, 29
Let c be (7 + -5)/((-264)/(-267) + -1). Let s(a) = a**2 + 3*a - 2. Let v be s(2). What are the prime factors of (c/v)/(4/(-16))?
89
List the prime factors of (112720/32)/(45/36).
2, 1409
Let q be (-3)/(-5)*79840/16. Suppose 266*z - 272*z = -q. What are the prime factors of z?
499
Let i be 3*((-5)/(-6) - (-2)/(-4)). List the prime factors of 34*(12 - i/1).
2, 11, 17
Suppose 5*s = 4*o + 2095, -10*s - 4*o + 1640 = -6*s. Suppose 33*k - s = 28*k. What are the prime factors of k?
83
Let h(g) = 4268*g**2 + 66*g + 22. List the prime factors of h(-2).
2, 3, 11, 257
Let d = 129872 - 55129. Suppose -53*c - 4677 = -d. List the prime factors of c.
2, 661
Let l = 1609 + 3065. What are the prime factors of l?
2, 3, 19, 41
Let m(t) = t**2 - 63*t - 4270. List the prime factors of m(-73).
2, 3, 23, 41
Suppose 557911 = 32*l - 300128 - 602889. What are the prime factors of l?
2, 3, 7, 1087
Suppose -3748*d - 1058946 = -3790*d. What are the prime factors of d?
19, 1327
Suppose -8*c + 73862 = 3*c - 139912. List the prime factors of c.
2, 3, 41, 79
Let x = 110 + -102. Suppose -6*r + 2*s - 88 = -x*r, 29 = r - 4*s. Suppose r*b - 1075 = 36*b. List the prime factors of b.
5, 43
Suppose -r + 22972 + 19324 = -5*g, -126776 = -3*r - g. What are the prime factors of r?
3, 14087
Suppose -286*m - 250*m - 3741430 = -606*m. What are the prime factors of m?
11, 43, 113
Let i = 530 - 525. Suppose 5*x - 5815 = -i*y, -2*y + 4 = -6. List the prime factors of x.
2, 3, 193
Let y(z) = 4161*z - 1319. List the prime factors of y(7).
2, 11, 79
Let x(u) = 355*u**2 + 72*u + 41. List the prime factors of x(-6).
13, 953
Let x(n) = 14*n**2 + 101*n + 5. Let s be x(-7). Let m(b) = -b**3 - 13*b**2 + 23*b + 38. What are the prime factors of m(s)?
2, 3, 73
Suppose 5*y = -3*y - 4*y + 12468. List the prime factors of y.
1039
Let y(x) = 2*x**3 - 20*x**2 - 13*x - 417. List the prime factors of y(24).
3, 29, 59
Suppose 0 = -3*w - 6*w + 171. Let j = w - 14. Suppose -d = -j*d + 300. What are the prime factors of d?
3, 5
Suppose 0 = 15*y - 7475 + 2150. Let x = -250 + y. Suppose 8*a - x = -41. What are the prime factors of a?
2
Let u = 96 - 84. Suppose u*k - 18 = 6*k. Suppose k*x - 477 + 1394 = 5*v, -3*x = 3*v - 555. What are the prime factors of v?
2, 23
Let i = 43 - 36. Suppose -i*u + 1168 = 4*n - 6*u, -20 = -5*u. What are the prime factors of n?
3, 97
Let z(i) = i - 4. Let m be z(7). Suppose 222 = h - 2*y, -m = 24*y - 25*y. List the prime factors of h.
2, 3, 19
Let a(o) = 15*o**2 - 76*o - 1. Suppose -3*n = -12, 5*z + 17 = 2*z - n. What are the prime factors of a(z)?
2, 3, 211
Let w(n) = -2*n**3 - 15*n**2 + 9*n + 8. Let o be w(-8). Suppose -2*d - 15 = -5*d. Suppose d*f - 312 + 72 = o. List the prime factors of f.
2, 3
Let m(x) = 29*x**3 + 22*x**2 - 90*x - 2. What are the prime factors of m(7)?
19, 547
Suppose -5*n + 380615 = -5*l, -349*l + 350*l = -2*n + 152234. What are the prime factors of n?
3, 25373
Suppose 0 = 226*r - 222*r + 108. List the prime factors of (-36708)/r + (-24)/(-54).
2, 5, 17
Suppose 5*m - 2378 = -58. Let i = -135 + m. List the prime factors of i.
7, 47
Let p(i) = -6*i - 57. Let h be p(-14). Let g = h - 34. List the prime factors of (145 + -1)*(8 + g).
2, 3
Suppose -347*s + 52*s + 13370285 = 0. What are the prime factors of s?
61, 743
Let y(j) = -j**3 + 18*j**2 - 11*j + 78. Let v(f) = -f**3 + 17*f**2 - 12*f + 78. Let i(p) = 7*v(p) - 6*y(p). What are the prime factors of i(9)?
2, 3, 13
Let b be -1 - 4/4 - 518. Let d = b + 1133. What are the prime factors of 9/((-270)/(-12)) + d/5?
3, 41
Let m(x) = -2*x**2 - 13*x + 9. Let q be m(-7). Suppose -q*i - 52 = -56. Suppose 2*w - 511 = -i*w + k, 0 = 2*k - 2. List the prime factors of w.
2
Let p(n) = 237*n**2 - 406*n - 2. List the prime factors of p(14).
2, 11, 17, 109
Suppose -5*m - 18 = -7*m - 3*b, 0 = -4*m - b + 16. What are the prime factors of (480 + -1)/(10*m/90)?
3, 479
Let d = 58263 - 36526. What are the prime factors of d?
21737
Let i(u) = -34*u - 45. Let f(m) = -71*m - 91. Let t(w) = 4*f(w) - 7*i(w). List the prime factors of t(-15).
641
Let l(b) = 2*b**3 - 2*b**2 + 11*b - 22. List the prime factors of l(14).
2, 1307
Suppose -2*a = 3*j - 58221, -5*j + 115653 = 3*a + 28323. List the prime factors of a.
3, 5, 647
Let v = -1600 - -3171. List the prime factors of v.
1571
Let o(x) = -9*x**3 + 3*x**2 + 5*x + 4. Let k be o(-3). Suppose 469*m + 2*i = 472*m + 412, 377 = -3*m - 5*i. Let b = k + m. List the prime factors of b.
5
Suppose 4*n = 50210 + 12506. List the prime factors of n.
15679
Suppose 20 = f + 4*z, -4*f = -2*z - 8 + 18. Let d = 175 + f. What are the prime factors of d?
5, 7
List the prime factors of (-218163)/242*68/(-6).
17, 601
Suppose -4*s + 6 = l, 3*l - 2 + 1 = 5*s. Let i be 4/s*257/(-4). Let b = -159 - i. What are the prime factors of b?
2, 7
Let m(r) = r**3 - r**2 - 2*r + 3. Let i be m(0). Suppose 0 = 4*x - 5*u - 76, -7*u - 58 = -i*x - 3*u. List the prime factors of x.
2, 7
Let u = 8828 + -6100. List the prime factors of u.
2, 11, 31
Let m = -829 + -218. Let w = 1592 + m. List the prime factors of w.
5, 109
Let u(j) = -j**2 - 114*j - 407. List the prime factors of u(-58).
3, 947
Let a = 95 + -86. Suppose -2*l + 1 = a. What are the prime factors of ((-1)/6*l)/(14/2352)?
2, 7
Suppose -27*m = -167705 - 3610. What are the prime factors of m?
3, 5, 47
Suppose -16*j + 18*j = -24. Let l be ((-65)/(-26))/(2/j). List the prime factors of ((-36)/l)/(1 - 8/10).
2, 3
Suppose -3*z = 2*w - 59, 5*w = -3*z + 42 + 29. Suppose -z*y + 16*y = -5. Let k = 107 - y. List the prime factors of k.
2, 3, 17
Suppose 5*f = -5*d + 3*d + 52741, -2*f = 5*d - 21109. Suppose -f - 2177 = -4*l. Suppose 9*k = -796 + l. What are the prime factors of k?
5, 53
Let n(b) = -b**2 - 8*b - 12. Let q be n(-5). Suppose -q*p - 6 = -4*p. Let x(v) = 3*v**2 - 10*v - 13. What are the prime factors of x(p)?
5, 7
Let l(h) = 10*h**3 - h**2 - 5*h + 3. Let y(k) = -2*k**3 - 3*k - 2. Let m be y(-1). Let a be l(m). Let i = a - 139. What are the prime factors of i?
2, 5, 11
Let l be (-1)/1 - -2 - 25. Suppose -748*f = -728*f - 1760. Let v = f - l. What are the prime factors of v?
2, 7
Let n(f) = 1070*f - 187. Let a be n(11). Suppose 8*w = -19*w + a. List the prime factors of w.
3, 11, 13
Let r(f) = -7*f**3 - 6*f**2 - 2*f - 8. Suppose 0 = 147*a - 138*a + 36. List the prime factors of r(a).
2, 11
Suppose -c + 8 - 2 = 0. Let q = 10 - c. Suppose f = -q*x + 66, -x - 4*f = -14 - 10. List the prime factors of x.
2
Suppose -89309 + 17897 = -66*x. What are the prime factors of x?
2, 541
Let a be (-35)/((-42)/6) + 252. Suppose 877 = 5*i + a. What are the prime factors of i?
2, 31
Let g = -950 - -2066. Let y(f) = -10*f - 23. Let u be y(-3). Suppose u*i - g = i. What are the prime factors of i?
2, 3, 31
Suppose 40*c - 41*c = -1. Suppose c - 9 = -4*o. Suppose 0 = -3*l - 3, 0 = 5*t - 0*t - o*l - 432. List the prime factors of t.
2, 43
Let n(v) = -v**2 + 43*v - 20. Let a be n(20). L